[INFO] cloning repository https://github.com/hnkz/meiro_server
[INFO] running `Command { std: "git" "-c" "credential.helper=" "-c" "credential.helper=/workspace/cargo-home/bin/git-credential-null" "clone" "--bare" "https://github.com/hnkz/meiro_server" "/workspace/cache/git-repos/https%3A%2F%2Fgithub.com%2Fhnkz%2Fmeiro_server", kill_on_drop: false }`
[INFO] [stderr] Cloning into bare repository '/workspace/cache/git-repos/https%3A%2F%2Fgithub.com%2Fhnkz%2Fmeiro_server'...
[INFO] running `Command { std: "git" "rev-parse" "HEAD", kill_on_drop: false }`
[INFO] [stdout] 8d8b06acf733e00a3ac57c2d78776b4c08045564
[INFO] checking hnkz/meiro_server against try#72f88fc4e9458f89516a0b8b0868f3718aec5b47 for pr-74989
[INFO] running `Command { std: "git" "clone" "/workspace/cache/git-repos/https%3A%2F%2Fgithub.com%2Fhnkz%2Fmeiro_server" "/workspace/builds/worker-5/source", kill_on_drop: false }`
[INFO] [stderr] Cloning into '/workspace/builds/worker-5/source'...
[INFO] [stderr] done.
[INFO] validating manifest of git repo https://github.com/hnkz/meiro_server on toolchain 72f88fc4e9458f89516a0b8b0868f3718aec5b47
[INFO] running `Command { std: "/workspace/cargo-home/bin/cargo" "+72f88fc4e9458f89516a0b8b0868f3718aec5b47" "read-manifest" "--manifest-path" "Cargo.toml", kill_on_drop: false }`
[INFO] started tweaking git repo https://github.com/hnkz/meiro_server
[INFO] finished tweaking git repo https://github.com/hnkz/meiro_server
[INFO] tweaked toml for git repo https://github.com/hnkz/meiro_server written to /workspace/builds/worker-5/source/Cargo.toml
[INFO] crate git repo https://github.com/hnkz/meiro_server already has a lockfile, it will not be regenerated
[INFO] running `Command { std: "/workspace/cargo-home/bin/cargo" "+72f88fc4e9458f89516a0b8b0868f3718aec5b47" "fetch" "--locked" "--manifest-path" "Cargo.toml", kill_on_drop: false }`
[INFO] [stderr]  Downloading crates ...
[INFO] [stderr]   Downloaded tokio-fs v0.1.1
[INFO] [stderr]   Downloaded isatty v0.1.8
[INFO] [stderr]   Downloaded pear_codegen v0.0.18
[INFO] [stderr]   Downloaded slug v0.1.3
[INFO] [stderr]   Downloaded pear v0.0.18
[INFO] [stderr]   Downloaded rocket_codegen v0.3.14
[INFO] [stderr]   Downloaded rocket_contrib v0.3.14
[INFO] [stderr]   Downloaded crossbeam-epoch v0.4.3
[INFO] [stderr]   Downloaded serde v1.0.69
[INFO] [stderr]   Downloaded tokio-codec v0.1.0
[INFO] [stderr]   Downloaded tokio-io v0.1.7
[INFO] [stderr]   Downloaded websocket v0.20.2
[INFO] [stderr]   Downloaded tokio-udp v0.1.1
[INFO] [stderr]   Downloaded unidecode v0.3.0
[INFO] [stderr]   Downloaded serde_json v1.0.22
[INFO] [stderr]   Downloaded rocket v0.3.14
[INFO] [stderr]   Downloaded schannel v0.1.13
[INFO] [stderr]   Downloaded tokio-reactor v0.1.2
[INFO] running `Command { std: "docker" "create" "-v" "/var/lib/crater-agent-workspace/builds/worker-5/target:/opt/rustwide/target:rw,Z" "-v" "/var/lib/crater-agent-workspace/builds/worker-5/source:/opt/rustwide/workdir:ro,Z" "-v" "/var/lib/crater-agent-workspace/cargo-home:/opt/rustwide/cargo-home:ro,Z" "-v" "/var/lib/crater-agent-workspace/rustup-home:/opt/rustwide/rustup-home:ro,Z" "-e" "SOURCE_DIR=/opt/rustwide/workdir" "-e" "CARGO_TARGET_DIR=/opt/rustwide/target" "-e" "CARGO_HOME=/opt/rustwide/cargo-home" "-e" "RUSTUP_HOME=/opt/rustwide/rustup-home" "-w" "/opt/rustwide/workdir" "-m" "1610612736" "--user" "0:0" "--network" "none" "rustops/crates-build-env@sha256:d92eaeed33fa75130ca1ee6c8a01d1ffb62bac859dfdfb3450e3e5d1c0146529" "/opt/rustwide/cargo-home/bin/cargo" "+72f88fc4e9458f89516a0b8b0868f3718aec5b47" "metadata" "--no-deps" "--format-version=1", kill_on_drop: false }`
[INFO] [stdout] 58c9a5a07fb16e620feae9b2e41de56ee1fffe254b833fd8aca0a803c28ce6aa
[INFO] [stderr] WARNING: Your kernel does not support swap limit capabilities or the cgroup is not mounted. Memory limited without swap.
[INFO] running `Command { std: "docker" "start" "-a" "58c9a5a07fb16e620feae9b2e41de56ee1fffe254b833fd8aca0a803c28ce6aa", kill_on_drop: false }`
[INFO] running `Command { std: "docker" "inspect" "58c9a5a07fb16e620feae9b2e41de56ee1fffe254b833fd8aca0a803c28ce6aa", kill_on_drop: false }`
[INFO] running `Command { std: "docker" "rm" "-f" "58c9a5a07fb16e620feae9b2e41de56ee1fffe254b833fd8aca0a803c28ce6aa", kill_on_drop: false }`
[INFO] [stdout] 58c9a5a07fb16e620feae9b2e41de56ee1fffe254b833fd8aca0a803c28ce6aa
[INFO] running `Command { std: "docker" "create" "-v" "/var/lib/crater-agent-workspace/builds/worker-5/target:/opt/rustwide/target:rw,Z" "-v" "/var/lib/crater-agent-workspace/builds/worker-5/source:/opt/rustwide/workdir:ro,Z" "-v" "/var/lib/crater-agent-workspace/cargo-home:/opt/rustwide/cargo-home:ro,Z" "-v" "/var/lib/crater-agent-workspace/rustup-home:/opt/rustwide/rustup-home:ro,Z" "-e" "SOURCE_DIR=/opt/rustwide/workdir" "-e" "CARGO_TARGET_DIR=/opt/rustwide/target" "-e" "CARGO_INCREMENTAL=0" "-e" "RUST_BACKTRACE=full" "-e" "RUSTFLAGS=--cap-lints=forbid" "-e" "CARGO_HOME=/opt/rustwide/cargo-home" "-e" "RUSTUP_HOME=/opt/rustwide/rustup-home" "-w" "/opt/rustwide/workdir" "-m" "1610612736" "--user" "0:0" "--network" "none" "rustops/crates-build-env@sha256:d92eaeed33fa75130ca1ee6c8a01d1ffb62bac859dfdfb3450e3e5d1c0146529" "/opt/rustwide/cargo-home/bin/cargo" "+72f88fc4e9458f89516a0b8b0868f3718aec5b47" "check" "--frozen" "--all" "--all-targets" "--message-format=json", kill_on_drop: false }`
[INFO] [stdout] 44e1a5feac7efbe0e319a90d93bb5f657897a0b48e9a85f6753487fb97fd70e8
[INFO] [stderr] WARNING: Your kernel does not support swap limit capabilities or the cgroup is not mounted. Memory limited without swap.
[INFO] running `Command { std: "docker" "start" "-a" "44e1a5feac7efbe0e319a90d93bb5f657897a0b48e9a85f6753487fb97fd70e8", kill_on_drop: false }`
[INFO] [stderr]     Checking libc v0.2.42
[INFO] [stderr]     Checking cfg-if v0.1.4
[INFO] [stderr]    Compiling yansi v0.4.0
[INFO] [stderr]    Compiling num-traits v0.2.5
[INFO] [stderr]     Checking memoffset v0.2.1
[INFO] [stderr]     Checking unicode-normalization v0.1.7
[INFO] [stderr]     Checking scopeguard v0.3.3
[INFO] [stderr]     Checking void v1.0.2
[INFO] [stderr]    Compiling byteorder v1.2.3
[INFO] [stderr]    Compiling percent-encoding v1.0.1
[INFO] [stderr]    Compiling regex v0.2.11
[INFO] [stderr]     Checking rustc-demangle v0.1.9
[INFO] [stderr]     Checking unidecode v0.3.0
[INFO] [stderr]    Compiling num-rational v0.2.1
[INFO] [stderr]     Checking scoped-tls v0.1.2
[INFO] [stderr]    Compiling traitobject v0.1.0
[INFO] [stderr]    Compiling typeable v0.1.2
[INFO] [stderr]     Checking dtoa v0.4.3
[INFO] [stderr]    Compiling language-tags v0.2.2
[INFO] [stderr]     Checking state v0.4.1
[INFO] [stderr]     Checking ordermap v0.2.13
[INFO] [stderr]     Checking pear v0.0.18
[INFO] [stderr]     Checking humansize v1.1.0
[INFO] [stderr]     Checking sha1 v0.2.0
[INFO] [stderr]    Compiling crossbeam-utils v0.2.2
[INFO] [stderr]    Compiling arrayvec v0.4.7
[INFO] [stderr]    Compiling num_cpus v1.8.0
[INFO] [stderr]    Compiling unicase v1.4.2
[INFO] [stderr]    Compiling time v0.1.40
[INFO] [stderr]    Compiling isatty v0.1.8
[INFO] [stderr]     Checking base64 v0.5.2
[INFO] [stderr]     Checking base64 v0.6.0
[INFO] [stderr]     Checking base64 v0.9.2
[INFO] [stderr]    Compiling unicode-bidi v0.3.4
[INFO] [stderr]    Compiling openssl-sys v0.9.33
[INFO] [stderr]     Checking log v0.4.3
[INFO] [stderr]     Checking crossbeam-utils v0.3.2
[INFO] [stderr]     Checking unreachable v1.0.0
[INFO] [stderr]    Compiling pear_codegen v0.0.18
[INFO] [stderr]    Compiling rocket v0.3.14
[INFO] [stderr]    Compiling rocket_codegen v0.3.14
[INFO] [stderr]    Compiling log v0.3.9
[INFO] [stderr]     Checking tokio-timer v0.2.4
[INFO] [stderr]    Compiling httparse v1.3.2
[INFO] [stderr]     Checking iovec v0.1.2
[INFO] [stderr]     Checking net2 v0.2.33
[INFO] [stderr]     Checking rand v0.4.2
[INFO] [stderr]     Checking memchr v2.0.1
[INFO] [stderr]     Checking rand v0.5.4
[INFO] [stderr]    Compiling smallvec v0.6.3
[INFO] [stderr]    Compiling crossbeam-epoch v0.3.1
[INFO] [stderr]     Checking thread_local v0.3.5
[INFO] [stderr]     Checking crossbeam-epoch v0.4.3
[INFO] [stderr]     Checking backtrace-sys v0.1.23
[INFO] [stderr]     Checking slug v0.1.3
[INFO] [stderr]     Checking serde_json v1.0.22
[INFO] [stderr]     Checking toml v0.4.6
[INFO] [stderr]    Compiling mime v0.2.6
[INFO] [stderr]     Checking bytes v0.4.8
[INFO] [stderr]     Checking idna v0.1.4
[INFO] [stderr]     Checking aho-corasick v0.6.6
[INFO] [stderr]     Checking mio v0.6.14
[INFO] [stderr]     Checking backtrace v0.3.9
[INFO] [stderr]     Checking crossbeam-deque v0.3.1
[INFO] [stderr]    Compiling crossbeam-deque v0.2.0
[INFO] [stderr]     Checking error-chain v0.10.0
[INFO] [stderr]    Compiling openssl v0.9.24
[INFO] [stderr]     Checking tokio-io v0.1.7
[INFO] [stdout] error[E0557]: feature has been removed
[INFO] [stdout]  --> /opt/rustwide/cargo-home/registry/src/github.com-1ecc6299db9ec823/pear_codegen-0.0.18/src/lib.rs:1:45
[INFO] [stdout]   |
[INFO] [stdout] 1 | #![feature(plugin_registrar, rustc_private, quote)]
[INFO] [stdout]   |                                             ^^^^^ feature has been removed
[INFO] [stdout] 
[INFO] [stdout] 
[INFO] [stderr] error: failed to run custom build command for `openssl v0.9.24`
[INFO] [stderr] 
[INFO] [stderr] Caused by:
[INFO] [stderr]   process didn't exit successfully: `/opt/rustwide/target/debug/build/openssl-b9e5c429783a77ba/build-script-build` (exit code: 101)
[INFO] [stderr]   --- stderr
[INFO] [stderr]   thread 'main' panicked at 'Unable to detect OpenSSL version', /opt/rustwide/cargo-home/registry/src/github.com-1ecc6299db9ec823/openssl-0.9.24/build.rs:16:14
[INFO] [stderr]   stack backtrace:
[INFO] [stderr]      0:     0x5603caa5c8d0 - std::backtrace_rs::backtrace::libunwind::trace::h452faf99f32e7c93
[INFO] [stderr]                                  at /rustc/72f88fc4e9458f89516a0b8b0868f3718aec5b47/library/std/src/../../backtrace/src/backtrace/libunwind.rs:96
[INFO] [stderr]      1:     0x5603caa5c8d0 - std::backtrace_rs::backtrace::trace_unsynchronized::he40edc71437667a1
[INFO] [stderr]                                  at /rustc/72f88fc4e9458f89516a0b8b0868f3718aec5b47/library/std/src/../../backtrace/src/backtrace/mod.rs:66
[INFO] [stderr]      2:     0x5603caa5c8d0 - std::sys_common::backtrace::_print_fmt::h6c51d6ade71f46bf
[INFO] [stderr]                                  at /rustc/72f88fc4e9458f89516a0b8b0868f3718aec5b47/library/std/src/sys_common/backtrace.rs:79
[INFO] [stderr]      3:     0x5603caa5c8d0 - <std::sys_common::backtrace::_print::DisplayBacktrace as core::fmt::Display>::fmt::h3cd15d7003dec37a
[INFO] [stderr]                                  at /rustc/72f88fc4e9458f89516a0b8b0868f3718aec5b47/library/std/src/sys_common/backtrace.rs:58
[INFO] [stderr]      4:     0x5603caa7555c - core::fmt::write::h1857a60b204f1b6a
[INFO] [stderr]                                  at /rustc/72f88fc4e9458f89516a0b8b0868f3718aec5b47/library/core/src/fmt/mod.rs:1080
[INFO] [stderr]      5:     0x5603caa5aec7 - std::io::Write::write_fmt::hac61caff894c35ae
[INFO] [stderr]                                  at /rustc/72f88fc4e9458f89516a0b8b0868f3718aec5b47/library/std/src/io/mod.rs:1517
[INFO] [stderr]      6:     0x5603caa5e9e0 - std::sys_common::backtrace::_print::haa2f390fb7957e3e
[INFO] [stderr]                                  at /rustc/72f88fc4e9458f89516a0b8b0868f3718aec5b47/library/std/src/sys_common/backtrace.rs:61
[INFO] [stderr]      7:     0x5603caa5e9e0 - std::sys_common::backtrace::print::h48c7cbbad9013bb1
[INFO] [stderr]                                  at /rustc/72f88fc4e9458f89516a0b8b0868f3718aec5b47/library/std/src/sys_common/backtrace.rs:48
[INFO] [stderr]      8:     0x5603caa5e9e0 - std::panicking::default_hook::{{closure}}::h8b7ff05a31e71d55
[INFO] [stderr]                                  at /rustc/72f88fc4e9458f89516a0b8b0868f3718aec5b47/library/std/src/panicking.rs:208
[INFO] [stderr]      9:     0x5603caa5e72c - std::panicking::default_hook::h2f00c78800d98e4c
[INFO] [stderr]                                  at /rustc/72f88fc4e9458f89516a0b8b0868f3718aec5b47/library/std/src/panicking.rs:227
[INFO] [stderr]     10:     0x5603caa5f043 - std::panicking::rust_panic_with_hook::h4eaa635e4694aef3
[INFO] [stderr]                                  at /rustc/72f88fc4e9458f89516a0b8b0868f3718aec5b47/library/std/src/panicking.rs:577
[INFO] [stderr]     11:     0x5603caa46a18 - std::panicking::begin_panic::{{closure}}::h0c18a683a8bfb190
[INFO] [stderr]                                  at /rustc/72f88fc4e9458f89516a0b8b0868f3718aec5b47/library/std/src/panicking.rs:506
[INFO] [stderr]     12:     0x5603caa46c98 - std::sys_common::backtrace::__rust_end_short_backtrace::hd3f50504e8d932f1
[INFO] [stderr]                                  at /rustc/72f88fc4e9458f89516a0b8b0868f3718aec5b47/library/std/src/sys_common/backtrace.rs:153
[INFO] [stderr]     13:     0x5603caa46943 - std::panicking::begin_panic::hd9fed37094d50b82
[INFO] [stderr]                                  at /rustc/72f88fc4e9458f89516a0b8b0868f3718aec5b47/library/std/src/panicking.rs:505
[INFO] [stderr]     14:     0x5603caa479f1 - build_script_build::main::hb8b293e19c995f6c
[INFO] [stderr]                                  at /opt/rustwide/cargo-home/registry/src/github.com-1ecc6299db9ec823/openssl-0.9.24/build.rs:16
[INFO] [stderr]     15:     0x5603caa4967b - core::ops::function::FnOnce::call_once::h291dc5b08293dbbd
[INFO] [stderr]                                  at /rustc/72f88fc4e9458f89516a0b8b0868f3718aec5b47/library/core/src/ops/function.rs:227
[INFO] [stderr]     16:     0x5603caa46cce - std::sys_common::backtrace::__rust_begin_short_backtrace::he1a57c1ecfccef30
[INFO] [stderr]                                  at /rustc/72f88fc4e9458f89516a0b8b0868f3718aec5b47/library/std/src/sys_common/backtrace.rs:137
[INFO] [stderr]     17:     0x5603caa46d71 - std::rt::lang_start::{{closure}}::h46f1a19113732ad4
[INFO] [stderr]                                  at /rustc/72f88fc4e9458f89516a0b8b0868f3718aec5b47/library/std/src/rt.rs:66
[INFO] [stderr]     18:     0x5603caa5f441 - core::ops::function::impls::<impl core::ops::function::FnOnce<A> for &F>::call_once::hecc21eb9018cc197
[INFO] [stderr]                                  at /rustc/72f88fc4e9458f89516a0b8b0868f3718aec5b47/library/core/src/ops/function.rs:259
[INFO] [stderr]     19:     0x5603caa5f441 - std::panicking::try::do_call::h174ad655d084b5c7
[INFO] [stderr]                                  at /rustc/72f88fc4e9458f89516a0b8b0868f3718aec5b47/library/std/src/panicking.rs:381
[INFO] [stderr]     20:     0x5603caa5f441 - std::panicking::try::h479e6054ce28de10
[INFO] [stderr]                                  at /rustc/72f88fc4e9458f89516a0b8b0868f3718aec5b47/library/std/src/panicking.rs:345
[INFO] [stderr]     21:     0x5603caa5f441 - std::panic::catch_unwind::hb558ddea2b3e9c45
[INFO] [stderr]                                  at /rustc/72f88fc4e9458f89516a0b8b0868f3718aec5b47/library/std/src/panic.rs:382
[INFO] [stderr]     22:     0x5603caa5f441 - std::rt::lang_start_internal::h163149047f0a8b61
[INFO] [stderr]                                  at /rustc/72f88fc4e9458f89516a0b8b0868f3718aec5b47/library/std/src/rt.rs:51
[INFO] [stderr]     23:     0x5603caa46d47 - std::rt::lang_start::h72c9b2f90372d5d1
[INFO] [stderr]                                  at /rustc/72f88fc4e9458f89516a0b8b0868f3718aec5b47/library/std/src/rt.rs:65
[INFO] [stderr]     24:     0x5603caa4815a - main
[INFO] [stderr]     25:     0x7f69873e00b3 - __libc_start_main
[INFO] [stderr]     26:     0x5603caa4409e - _start
[INFO] [stderr]     27:                0x0 - <unknown>
[INFO] [stderr] warning: build failed, waiting for other jobs to finish...
[INFO] [stdout] error[E0462]: found staticlib `rustc` instead of rlib or dylib
[INFO] [stdout]  --> /opt/rustwide/cargo-home/registry/src/github.com-1ecc6299db9ec823/pear_codegen-0.0.18/src/lib.rs:3:1
[INFO] [stdout]   |
[INFO] [stdout] 3 | extern crate rustc;
[INFO] [stdout]   | ^^^^^^^^^^^^^^^^^^^
[INFO] [stdout]   |
[INFO] [stdout]   = help: please recompile that crate using --crate-type lib
[INFO] [stdout]   = note: the following crate versions were found:
[INFO] [stdout]           crate `rustc`: /opt/rustwide/rustup-home/toolchains/72f88fc4e9458f89516a0b8b0868f3718aec5b47/lib/rustlib/x86_64-unknown-linux-gnu/lib/librustc-nightly_rt.lsan.a
[INFO] [stdout]           crate `rustc`: /opt/rustwide/rustup-home/toolchains/72f88fc4e9458f89516a0b8b0868f3718aec5b47/lib/rustlib/x86_64-unknown-linux-gnu/lib/librustc-nightly_rt.msan.a
[INFO] [stdout]           crate `rustc`: /opt/rustwide/rustup-home/toolchains/72f88fc4e9458f89516a0b8b0868f3718aec5b47/lib/rustlib/x86_64-unknown-linux-gnu/lib/librustc-nightly_rt.tsan.a
[INFO] [stdout]           crate `rustc`: /opt/rustwide/rustup-home/toolchains/72f88fc4e9458f89516a0b8b0868f3718aec5b47/lib/rustlib/x86_64-unknown-linux-gnu/lib/librustc-nightly_rt.asan.a
[INFO] [stdout] 
[INFO] [stdout] 
[INFO] [stdout] error: aborting due to 2 previous errors
[INFO] [stdout] 
[INFO] [stdout] 
[INFO] [stdout] For more information about this error, try `rustc --explain E0557`.
[INFO] [stdout] 
[INFO] [stderr] error: build failed
[INFO] running `Command { std: "docker" "inspect" "44e1a5feac7efbe0e319a90d93bb5f657897a0b48e9a85f6753487fb97fd70e8", kill_on_drop: false }`
[INFO] running `Command { std: "docker" "rm" "-f" "44e1a5feac7efbe0e319a90d93bb5f657897a0b48e9a85f6753487fb97fd70e8", kill_on_drop: false }`
[INFO] [stdout] 44e1a5feac7efbe0e319a90d93bb5f657897a0b48e9a85f6753487fb97fd70e8
